
False
Let y = -8 - -15. Suppose -420 = -y*c + 4*c. Let v = c - 85. Is v prime?
False
Suppose -4*t - 40 = 4*f, -2*t - 3*f - 16 = -0*t. Let n be (-368)/t - (-4)/(-14). Let l = 45 - n. Is l a composite number?
False
Is 16161/27 + 12/27 composite?
False
Let o be (-1)/((1/(-2))/(-1)). Is 308 + o - 2/2 prime?
False
Is ((898/(-3))/(-1))/((-6)/(-9)) composite?
False
Suppose -2*s = f - 2, 5*s - 3 = 2*f + 11. Is 182/6 + f/(-3) a prime number?
True
Let y(o) = 11*o**2 + 5*o + 4. Let u be y(-3). Let c(r) = 36*r - u*r + 0 + 1. Is c(-1) composite?
False
Suppose -4*c - 4*o + 32 = -0*o, -5*o + 16 = 2*c. Let l(q) = 43*q - 13. Is l(c) prime?
True
Suppose -3*l - 2*l = -40. Let h(x) = -x**3 + 9*x**2 - 9*x + 12. Let s be h(l). Is s*21/12*5 a composite number?
True
Let y = 12 + 187. Is y prime?
True
Let o = 1847 - 374. Is o composite?
True
Let h(m) = m**3 + 8*m**2 - 8*m - 8. Is h(-7) prime?
True
Let p(n) = 56*n - 21. Is p(5) composite?
True
Let t be (-18)/(-135) + 227/(-15). Is ((-9)/t + 0)*145 a composite number?
True
Suppose -1808 = -2*m + 206. Is m composite?
True
Suppose -5*z + 3 = -m, -20 = -4*z + 5*m - 5. Suppose z = -5*j + 2*j. Suppose -4*n - 53 = -5*n - s, -3*n + 4*s + 159 = j. Is n a composite number?
False
Suppose -3*l + 2 = 2*s + 2*l, 3*s = 3*l - 39. Let w be s*(-1 + 4)/3. Let j = 31 + w. Is j prime?
False
Let z = -6 - -13. Let f(y) = -y**2 + 8*y - 5. Let j be f(z). Suppose -j*u = -8 - 130. Is u composite?
True
Let s(z) = -2*z**3 - 23*z**2 - 14*z + 14. Is s(-11) composite?
False
Let y = 10 - 5. Suppose y*m - 35 = 130. Is m composite?
True
Suppose 0 = -3*k + 3192 - 243. Is k a prime number?
True
Let l = -1 - 4. Let t(w) = 2*w + 115. Let n(x) = 3*x + 173. Let j(i) = l*n(i) + 8*t(i). Is j(0) a composite number?
True
Let l be 3/(-2)*(-60)/18. Suppose 0 = -2*j + 19 + l. Suppose 4*m + j = 72. Is m a prime number?
False
Let b be ((-1282 - -3) + 0)*-1. Suppose 0 = 5*c - 20, -5*i + 2*c + 2*c + b = 0. Is i a prime number?
False
Suppose -4*k - 364 = -4*t, 4*t = -2*k - 2*k + 356. Let o = t - 5. Is o a composite number?
True
Let i be (3 - 1)/((-12)/54). Is i/((-27)/2850) + -3 prime?
True
Suppose 5*g + 2*j = 1887, -4*g + 1290 = 4*j - 210. Is g a composite number?
False
Let l be ((-3)/(-3) - 1)/2. Let k(w) = -w - 7. Let v be k(l). Let q = v + 10. Is q a composite number?
False
Let s be -1 + (-1)/((-3)/9). Let n = 17 + s. Is n a composite number?
False
Suppose 0 = -0*x - 4*x + 1976. Suppose 4*q - 12 = 0, 4*d - 722 = 4*q + x. Is d composite?
False
Suppose -10*a + 3899 = -3*a. Is a prime?
True
Suppose -9*w + 2 = -8*w. Suppose -5*h = 5*d - 905, 744 = 4*d - w*h + h. Is d a composite number?
True
Let f(z) = -3*z + 2*z**2 + 3*z - 2. Let o be f(4). Let u = 51 - o. Is u prime?
False
Let x(r) be the first derivative of -r**2 - 4*r - 1. Let a be x(-5). Suppose a*f = 2*f + 356. Is f a composite number?
False
Let t = -1406 + 2917. Is t prime?
True
Let h(k) = -2*k**3 - 7*k - 2. Let d(z) = -z**3 - z**2 - 6*z - 1. Let v(q) = 3*d(q) - 2*h(q). Let p be v(4). Is 3*p*39/3 composite?
True
Suppose 611 = 2*j - f, 5*f + 1 = -4. Suppose 0*n - 3*n - 1174 = -4*a, -5*n = a - j. Is a a composite number?
True
Suppose -2*l - 13 = -3*n, -2*n - 2*l + l + 11 = 0. Suppose o - n*o - p = -3785, 3*o = -5*p + 2860. Is (-2)/7 + o/49 prime?
True
Let y = -4 - 21. Is 2/(-10) - 1455/y composite?
True
Suppose -2*u + 2510 = 3*s + 405, -3*u + 3 = 0. Is s prime?
True
Suppose -10*z + 3454 - 1344 = 0. Is z prime?
True
Suppose 7*g = -3*g + 970. Is g a prime number?
True
Suppose -2*c + 760 = 3*u + 243, -u - 3 = 0. Is c composite?
False
Let z(n) = 219*n + 2. Let d be z(2). Suppose -3*o - o = -d. Suppose -33 = 2*p - 3*p + 2*l, 0 = -5*p - l + o. Is p a composite number?
False
Let a(w) = -w**2 + w - 1. Let c(l) = -72*l**2 + l - 7*l + 0*l + 5. Let v(x) = -6*a(x) - c(x). Is v(1) a prime number?
True
Let g be 2 + (1 + -1 - -2). Let c(f) = -6*f**2 - f**3 - 3*f + 12*f**2 + 0*f + 3. Is c(g) a composite number?
False
Let x = 4 - 2. Suppose -s + 1923 = x*s. Is s a prime number?
True
Let a(p) = 201*p**2 - 3*p - 1. Is a(2) composite?
False
Suppose 0 = -2*d + 3 - 5. Let y be ((-4)/(-6))/(d/(-3)). Suppose k + y = 55. Is k composite?
False
Let o(x) = x**3 + 16*x**2 + 8*x + 13. Is o(-14) a prime number?
True
Suppose -4*w - 64 - 136 = -4*i, -2*i + 4*w = -106. Is i a composite number?
False
Suppose 2*i - 5*f - 451 = 0, -i - 3*i = -3*f - 867. Suppose r = -2*r + i. Is r composite?
False
Let t(l) = 19*l**2 - l - 1. Is t(-1) a composite number?
False
Let y be ((-6)/1)/(-8 + 6). Is (-5)/(-15) + 380/y a prime number?
True
Let p(y) = 584*y - 3. Is p(1) a composite number?
True
Let y(z) = z**2 - 9*z + 5. Let s be y(6). Let w be (s - 1)*2/(-4). Let u(k) = -k**3 + 8*k**2 - k - 7. Is u(w) composite?
True
Let o be (11 + -14)*8/(-6). Is 941/o + 6/(-24) a composite number?
True
Let u = 5 + -3. Suppose -u*r - 2*k = -86, 3*r - 147 = 3*k - 42. Is r prime?
False
Let x = -37 + 86. Suppose 6 = -5*d + 2*d. Is x/d*(-3 - -1) prime?
False
Suppose 5*l - 7130 = 2970. Suppose -3*p + 1109 = -l. Is p a prime number?
False
Suppose -3*j + 110 = -730. Suppose -2*b = -5*u - b + j, -4*u = 4*b - 200. Is u composite?
True
Let a = 8 - 4. Suppose 6*z - 246 = a*z. Is z prime?
False
Let g(d) = -4532*d**3 - 4*d**2 - 6*d - 3. Is g(-1) a composite number?
True
Let u(q) = -4 + 0 - 20*q + 3. Is u(-6) prime?
False
Let x be (2/3)/((-24)/36). Is -3 + 1*(-13)/x composite?
True
Is ((-257)/(-2) - -1)*(29 + -27) a prime number?
False
Suppose 22 = 4*q - 2*h, q - 2*h = 2*q + 7. Suppose 103 = 2*m + q*r - 576, 2*r = 3*m - 999. Is m a prime number?
False
Let r(f) = 6*f - 6. Let i be r(6). Suppose -4*a - i = a. Is (68/a)/(2/(-6)) a composite number?
True
Let r = -147 + 206. Is r composite?
False
Suppose 3*g = -4*o + g + 1956, 503 = o + 4*g. Is o composite?
False
Suppose 6 = 3*w - 0. Suppose -f + 333 = w*f. Is f composite?
True
Suppose -2*s + 1638 = -1124. Is s a composite number?
False
Let s be 2 + (2 + -4 - -5). Suppose 23 = -2*i + s. Is 34/3 - (-3)/i a prime number?
True
Let n be ((-64)/(-40))/((-2)/(-5)). Is (114/n - -1)*2 composite?
False
Suppose 3*y + 3*f = 153, 4*f - 105 + 3 = -2*y. Is y prime?
False
Let a be (-4)/(-10) - (-13)/5. Suppose -l = -a*l - 28. Let y = -8 - l. Is y prime?
False
Let y(r) = 34*r + 3. Is y(11) a prime number?
False
Let p(g) = 23*g**2 + 1. Let l be p(-1). Suppose 3*k + 0*k + l = 0. Is (1 - -1)*(-76)/k prime?
True
Suppose 0 = 2*u + u - 45. Let m = 11 - u. Is (-4)/m + 33*2 composite?
False
Let y be 0/(-1) - (-5)/1. Suppose 3*r + g = 385, 2*r - y*g - 361 = -r. Is r composite?
False
Let r be -2539*(0 + (-3)/3). Suppose 4*w + 5*x - 807 = 1230, -x - r = -5*w. Suppose b - w = -3*b. Is b prime?
True
Is -3 - (-262316)/30 - (-2)/15 a composite number?
False
Let h = -51 + 36. Let w = -11 - h. Suppose -w*z - 4*n + 131 + 89 = 0, 2*n = -3*z + 163. Is z prime?
True
Let m = 17 - -18. Is m composite?
True
Let y(w) = -w**2 + 12*w + 5. Let l be y(12). Suppose 0 = j + j - 730. Suppose l*z = 1090 - j. Is z prime?
False
Suppose -4*f = -16, -5*p = -4*f - 905 - 1234. Is p composite?
False
Let t(g) = 2*g**2 + 5*g - g - 6 - 3*g. Let u be -1 + 2 + -5 + 9. Is t(u) a composite number?
True
Let o be 3/(3 - 34/11). Let q = 70 + o. Is q prime?
True
Let p = -61 + 154. Let u = -34 + p. Is u composite?
False
Let z = 33 - -2. Is z prime?
False
Let o(l) = -62*l + 8. Let y be o(-10). Let u = -1097 - -650. Let s = u + y. Is s a composite number?
False
Let z = -263 + 685. Suppose 0 = -0*q - 2*q + z. Is q a composite number?
False
Suppose 0 = 3*t + 5*n + 9, n = -2*t - 0*n + 1. Suppose t*p + 0 = 6. Suppose 11 = -p*x + 242. Is x prime?
False
Let f = 427 + -288. Let b be 0 + (0 - 2) + f. Suppose -3*d - 13 + b = -5*y, -40 = -d + y. Is d composite?
True
Let q = -6 - -4. Let u be -2*(q + 11 + 1). Let n = 55 + u. Is n a composite number?
True
Suppose -3*q + 19 = -11. Let c(k) = -4 + 3*k + 8*k + k + q*k. Is c(3) a composite number?
True
Let u be -2 + (-1 - 0) + 3. Let v be 321*1*(-30)/(-9). Suppose u = 3*t + 2*t - v. Is t prime?
False
Let m(p) = p**2 + 2*p - 8. Suppose -g - 3*g - 24 = 0. Let l be m(g). Suppose -l = -h + 19. Is h a prime number?
False
Let u(m) = 1. Let c(v) = 5*v + 1. Let h(z) = c(z) - 3*u(z). Let f = -11 + 16. Is h(f) a composite number?
False
Let r = 2306 + 441. Is r a composite number?
True
L